What is the hundred thousands digit of 1543845?
5
What is the hundreds digit of 749506?
5
What is the units digit of 2910784?
4
What is the millions digit of 3057008?
3
What is the thousands digit of 293552?
3
What is the thousands digit of 1194073?
4
What is the ten millions digit of 15939462?
1
What is the units digit of 5649557?
7
What is the thousands digit of 33600803?
0
What is the hundreds digit of 214305?
3
What is the hundreds digit of 64789?
7
What is the millions digit of 1855916?
1
What is the thousands digit of 610449?
0
What is the millions digit of 1969734?
1
What is the ten thousands digit of 79674?
7
What is the tens digit of 347186?
8
What is the units digit of 209919?
9
What is the millions digit of 8342449?
8
What is the ten thousands digit of 4776443?
7
What is the units digit of 234200?
0
What is the millions digit of 1968607?
1
What is the units digit of 485361?
1
What is the hundred thousands digit of 135281?
1
What is the ten thousands digit of 306975?
0
What is the tens digit of 178355?
5
What is the hundreds digit of 245525?
5
What is the hundreds digit of 37140027?
0
What is the hundred thousands digit of 781553?
7
What is the ten thousands digit of 206736?
0
What is the ten thousands digit of 1548764?
4
What is the hundreds digit of 585251?
2
What is the hundred thousands digit of 193610?
1
What is the thousands digit of 10426076?
6
What is the units digit of 1469118?
8
What is the units digit of 294739?
9
What is the hundreds digit of 1162950?
9
What is the ten thousands digit of 1053977?
5
What is the units digit of 681524?
4
What is the hundred thousands digit of 116553?
1
What is the thousands digit of 172682?
2
What is the tens digit of 32462?
6
What is the tens digit of 161215?
1
What is the tens digit of 1848643?
4
What is the thousands digit of 362463?
2
What is the thousands digit of 326501?
6
What is the hundred thousands digit of 11115845?
1
What is the ten thousands digit of 643894?
4
What is the thousands digit of 14910428?
0
What is the thousands digit of 130196?
0
What is the units digit of 14652?
2
What is the hundred thousands digit of 831460?
8
What is the units digit of 7405201?
1
What is the tens digit of 795604?
0
What is the ten millions digit of 12443971?
1
What is the hundred thousands digit of 689132?
6
What is the tens digit of 3615975?
7
What is the tens digit of 15680887?
8
What is the millions digit of 4988400?
4
What is the tens digit of 398453?
5
What is the hundred thousands digit of 1062587?
0
What is the tens digit of 8174605?
0
What is the millions digit of 1728727?
1
What is the thousands digit of 576848?
6
What is the units digit of 146703?
3
What is the ten thousands digit of 5646354?
4
What is the ten millions digit of 12859889?
1
What is the ten millions digit of 10165046?
1
What is the tens digit of 344133?
3
What is the hundred thousands digit of 25403141?
4
What is the thousands digit of 201200?
1
What is the thousands digit of 2377155?
7
What is the tens digit of 4212309?
0
What is the units digit of 6830720?
0
What is the units digit of 391027?
7
What is the ten thousands digit of 518306?
1
What is the tens digit of 16478862?
6
What is the units digit of 218232?
2
What is the hundred thousands digit of 327038?
3
What is the hundred thousands digit of 6488209?
4
What is the thousands digit of 2307923?
7
What is the millions digit of 4527996?
4
What is the thousands digit of 2975436?
5
What is the ten thousands digit of 147479?
4
What is the hundreds digit of 2261499?
4
What is the hundreds digit of 13507886?
8
What is the millions digit of 3817938?
3
What is the hundred thousands digit of 23141797?
1
What is the units digit of 3851686?
6
What is the hundred thousands digit of 1377081?
3
What is the tens digit of 14492064?
6
What is the ten thousands digit of 234210?
3
What is the hundreds digit of 29641909?
9
What is the millions digit of 11125417?
1
What is the hundred thousands digit of 2368869?
3
What is the units digit of 2416343?
3
What is the hundreds digit of 3049360?
3
What is the ten thousands digit of 5588677?
8
What is the hundreds digit of 61193?
1
What is the thousands digit of 156838?
6
What is the millions digit of 2065515?
2
What is the ten thousands digit of 10226538?
2
What is the ten millions digit of 10485411?
1
What is the units digit of 15235413?
3
What is the thousands digit of 259091?
9
What is the hundreds digit of 1725372?
3
What is the units digit of 4105?
5
What is the tens digit of 338536?
3
What is the thousands digit of 1508742?
8
What is the units digit of 12265542?
2
What is the tens digit of 3271441?
4
What is the tens digit of 308968?
6
What is the millions digit of 1332548?
1
What is the units digit of 132071?
1
What is the ten thousands digit of 225105?
2
What is the hundreds digit of 10770611?
6
What is the units digit of 1870510?
0
What is the hundred thousands digit of 802829?
8
What is the hundreds digit of 6780212?
2
What is the hundreds digit of 8446226?
2
What is the ten thousands digit of 135495?
3
What is the thousands digit of 3123668?
3
What is the ten thousands digit of 851339?
5
What is the units digit of 317236?
6
What is the tens digit of 25496725?
2
What is the units digit of 348772?
2
What is the thousands digit of 6663169?
3
What is the hundred thousands digit of 322303?
3
What is the units digit of 874210?
0
What is the ten thousands digit of 22737476?
3
What is the hundreds digit of 87325?
3
What is the tens digit of 3675927?
2
What is the thousands digit of 8300193?
0
What is the ten thousands digit of 538028?
3
What is the tens digit of 7741577?
7
What is the thousands digit of 277196?
7
What is the ten thousands digit of 256958?
5
What is the hundreds digit of 1260628?
6
What is the thousands digit of 9532222?
2
What is the tens digit of 4336064?
6
What is the units digit of 1719990?
0
What is the tens digit of 556105?
0
What is the hundreds digit of 3638707?
7
What is the tens digit of 125587?
8
What is the units digit of 436915?
5
What is the thousands digit of 125578?
5
What is the hundreds digit of 184303?
3
What is the millions digit of 19183675?
9
What is the hundred thousands digit of 813462?
8
What is the ten millions digit of 27035727?
2
What is the hundred thousands digit of 2101251?
1
What is the units digit of 4546827?
7
What is the hundreds digit of 10028440?
4
What is the hundreds digit of 394474?
4
What is the thousands digit of 7918672?
8
What is the units digit of 4874955?
5
What is the hundred thousands digit of 1060342?
0
What is the thousands digit of 5860817?
0
What is the tens digit of 589371?
7
What is the hundreds digit of 372184?
1
What is the tens digit of 153421?
2
What is the units digit of 349584?
4
What is the units digit of 184287?
7
What is the thousands digit of 3808689?
8
What is the hundreds digit of 41495?
4
What is the units digit of 996142?
2
What is the units digit of 181224?
4
What is the ten thousands digit of 646838?
4
What is the ten thousands digit of 35898?
3
What is the ten millions digit of 35925866?
3
What is the hundred thousands digit of 19098284?
0
What is the units digit of 327653?
3
What is the ten thousands digit of 474367?
7
What is the tens digit of 4079?
7
What is the hundred thousands digit of 471053?
4
What is the hundred thousands digit of 178020?
1
What is the ten thousands digit of 1251769?
5
What is the ten thousands digit of 134560?
3
What is the tens digit of 5234519?
1
What is the hundred thousands digit of 34866356?
8
What is the ten thousands digit of 848952?
4
What is the units digit of 472440?
0
What is the hundreds digit of 699300?
3
What is the thousands digit of 86198?
6
What is the tens digit of 42807?
0
What is the tens digit of 716874?
7
What is the tens digit of 1371506?
0
What is the millions digit of 6611071?
6
What is the units digit of 2584265?
5
What is the thousands digit of 1550967?
0
What is the thousands digit of 2278937?
8
What is the units digit of 79135?
5
What is the millions digit of 3805589?
3
What is the units digit of 573330?
0
What is the hundred thousands digit of 5685219?
6
What is the ten thousands digit of 8525042?
2
What is the ten thousands digit of 4149772?
4
What is the units digit of 1480386?
6
What is the